{"id":384,"date":"2013-12-15T22:12:09","date_gmt":"2013-12-15T22:12:09","guid":{"rendered":"http:\/\/greg.lecairn.org\/?page_id=384"},"modified":"2013-12-15T22:12:09","modified_gmt":"2013-12-15T22:12:09","slug":"home","status":"publish","type":"page","link":"https:\/\/greg.lecairn.org\/","title":{"rendered":"Home"},"content":{"rendered":"<p style=\"text-align: center;\">\n<p style=\"text-align: center;\"><a href=\"http:\/\/greg.lecairn.org\/wp-content\/uploads\/2013\/12\/Me_Yazd.jpg\"><img loading=\"lazy\" decoding=\"async\" class=\"aligncenter  wp-image-381\" alt=\"The Author\" src=\"http:\/\/greg.lecairn.org\/wp-content\/uploads\/2013\/12\/Me_Yazd-1024x684.jpg\" width=\"474\" height=\"316\" srcset=\"https:\/\/greg.lecairn.org\/wp-content\/uploads\/2013\/12\/Me_Yazd-1024x684.jpg 1024w, https:\/\/greg.lecairn.org\/wp-content\/uploads\/2013\/12\/Me_Yazd-300x200.jpg 300w\" sizes=\"auto, (max-width: 474px) 100vw, 474px\" \/><\/a><\/p>\n<p style=\"text-align: center;\">Voici mon site. Lieu d&#8217;\u00e9lucubrations affam\u00e9es d&#8217;un esprit qui d\u00e9ambule. R\u00e9cits de voyages, surtout, parfois avec quelques id\u00e9es, parfois sans. Des photos que j&#8217;arriverais, un jour, \u00e0 pr\u00e9senter de mani\u00e8re d\u00e9cente.<br \/>\nUn jour aussi, je mettrais des id\u00e9es et des trucs intelligents. Et puis un jour, j&#8217;y mettrais aussi de la musique et des choses artistiques.<br \/>\nEn attendant l&#8217;hypoth\u00e9tique, voici le r\u00e9el, ce que vous y trouverez, si cela vous pla\u00eet.<\/p>\n","protected":false},"excerpt":{"rendered":"<p>Voici mon site. Lieu d&#8217;\u00e9lucubrations affam\u00e9es d&#8217;un esprit qui d\u00e9ambule. R\u00e9cits de voyages, surtout, parfois avec quelques id\u00e9es, parfois sans. Des photos que j&#8217;arriverais, un jour, \u00e0 pr\u00e9senter de mani\u00e8re d\u00e9cente. Un jour aussi, je mettrais des id\u00e9es et des trucs intelligents. Et puis un jour, j&#8217;y mettrais aussi de la musique et des choses &hellip; <a href=\"https:\/\/greg.lecairn.org\/\" class=\"more-link\">Continue reading <span class=\"screen-reader-text\">Home<\/span> <span class=\"meta-nav\">&rarr;<\/span><\/a><\/p>\n","protected":false},"author":1,"featured_media":0,"parent":0,"menu_order":0,"comment_status":"open","ping_status":"open","template":"","meta":{"footnotes":""},"class_list":["post-384","page","type-page","status-publish","hentry"],"_links":{"self":[{"href":"https:\/\/greg.lecairn.org\/index.php?rest_route=\/wp\/v2\/pages\/384","targetHints":{"allow":["GET"]}}],"collection":[{"href":"https:\/\/greg.lecairn.org\/index.php?rest_route=\/wp\/v2\/pages"}],"about":[{"href":"https:\/\/greg.lecairn.org\/index.php?rest_route=\/wp\/v2\/types\/page"}],"author":[{"embeddable":true,"href":"https:\/\/greg.lecairn.org\/index.php?rest_route=\/wp\/v2\/users\/1"}],"replies":[{"embeddable":true,"href":"https:\/\/greg.lecairn.org\/index.php?rest_route=%2Fwp%2Fv2%2Fcomments&post=384"}],"version-history":[{"count":1,"href":"https:\/\/greg.lecairn.org\/index.php?rest_route=\/wp\/v2\/pages\/384\/revisions"}],"predecessor-version":[{"id":385,"href":"https:\/\/greg.lecairn.org\/index.php?rest_route=\/wp\/v2\/pages\/384\/revisions\/385"}],"wp:attachment":[{"href":"https:\/\/greg.lecairn.org\/index.php?rest_route=%2Fwp%2Fv2%2Fmedia&parent=384"}],"curies":[{"name":"wp","href":"https:\/\/api.w.org\/{rel}","templated":true}]}}